
Is 3141 a multiple of 76?
False
Is 26 a multiple of 6?
False
Is 3179 a multiple of 16?
False
Is 635 a multiple of 13?
False
Does 62 divide 51770?
True
Does 7 divide 1657?
False
Is 31 a factor of 16105?
False
Does 2 divide 94?
True
Is 10283 a multiple of 91?
True
Is 511 a multiple of 18?
False
Is 80 a factor of 26215?
False
Is 24 a factor of 490?
False
Does 33 divide 726?
True
Is 2090 a multiple of 61?
False
Is 866 a multiple of 71?
False
Is 17 a factor of 748?
True
Is 10 a factor of 8370?
True
Is 70 a factor of 2665?
False
Is 101 a multiple of 12?
False
Is 1583 a multiple of 27?
False
Is 27483 a multiple of 39?
False
Is 35588 a multiple of 41?
True
Is 186 a factor of 29202?
True
Does 58 divide 3046?
False
Does 10 divide 2915?
False
Is 19 a factor of 7904?
True
Is 9 a factor of 138?
False
Does 58 divide 1798?
True
Is 18200 a multiple of 182?
True
Is 11 a factor of 25236?
False
Does 108 divide 1728?
True
Does 31 divide 38905?
True
Does 66 divide 4290?
True
Is 8 a factor of 56?
True
Is 136 a factor of 3421?
False
Is 2087 a multiple of 4?
False
Is 64 a factor of 21453?
False
Does 9 divide 486?
True
Does 11 divide 5387?
False
Is 20 a factor of 56050?
False
Is 705 a multiple of 6?
False
Is 132 a multiple of 6?
True
Does 21 divide 103?
False
Is 27360 a multiple of 96?
True
Does 70 divide 112?
False
Is 5614 a multiple of 9?
False
Is 5 a factor of 5569?
False
Is 16 a factor of 5274?
False
Is 828 a multiple of 23?
True
Is 59 a multiple of 3?
False
Is 16 a multiple of 4?
True
Is 221 a multiple of 17?
True
Is 111 a factor of 18093?
True
Is 20 a factor of 10283?
False
Does 134 divide 51283?
False
Is 17 a factor of 68?
True
Is 360 a multiple of 8?
True
Does 10 divide 14562?
False
Is 21 a factor of 2100?
True
Is 3230 a multiple of 15?
False
Is 1420 a multiple of 27?
False
Is 1298 a multiple of 118?
True
Is 6 a factor of 3186?
True
Does 6 divide 678?
True
Is 47 a factor of 3102?
True
Does 57 divide 1425?
True
Is 772 a multiple of 8?
False
Is 52 a factor of 3203?
False
Is 7 a factor of 8211?
True
Does 16 divide 1467?
False
Is 129 a factor of 16512?
True
Does 10 divide 550?
True
Does 27 divide 999?
True
Is 17946 a multiple of 18?
True
Is 400 a multiple of 25?
True
Is 222 a factor of 118615?
False
Is 39 a factor of 3379?
False
Is 4011 a multiple of 75?
False
Is 73 a factor of 1460?
True
Is 10240 a multiple of 13?
False
Is 10 a factor of 95?
False
Is 64 a factor of 978?
False
Does 25 divide 1863?
False
Does 4 divide 404?
True
Does 4 divide 1380?
True
Is 73 a factor of 361?
False
Does 22 divide 6842?
True
Is 54 a factor of 6696?
True
Does 54 divide 21726?
False
Is 3245 a multiple of 5?
True
Does 13 divide 454?
False
Does 37 divide 14386?
False
Is 8895 a multiple of 12?
False
Is 777 a multiple of 31?
False
Is 9 a factor of 6120?
True
Is 7 a factor of 4817?
False
Is 15 a factor of 4689?
False
Does 5 divide 2407?
False
Is 7 a multiple of 3?
False
Is 176 a factor of 6818?
False
Is 47 a factor of 376?
True
Does 52 divide 2162?
False
Is 17440 a multiple of 203?
False
Does 61 divide 10630?
False
Is 62 a factor of 1450?
False
Does 16 divide 697?
False
Is 8 a factor of 320?
True
Does 3 divide 453?
True
Does 17 divide 3315?
True
Is 14 a factor of 3598?
True
Is 18 a factor of 5418?
True
Is 36 a factor of 42768?
True
Is 52 a factor of 1381?
False
Is 66 a multiple of 22?
True
Is 10 a factor of 4530?
True
Is 25 a factor of 425?
True
Is 26 a factor of 1048?
False
Is 25 a factor of 1475?
True
Is 1213 a multiple of 14?
False
Does 14 divide 1190?
True
Is 42 a multiple of 14?
True
Is 1420 a multiple of 4?
True
Does 16 divide 256?
True
Does 369 divide 52166?
False
Is 13 a factor of 13273?
True
Does 54 divide 7290?
True
Does 19 divide 673?
False
Is 1408 a multiple of 128?
True
Is 273 a multiple of 273?
True
Does 112 divide 14006?
False
Is 7 a factor of 1253?
True
Is 4 a factor of 1593?
False
Is 51 a factor of 6273?
True
Is 3 a factor of 428?
False
Is 73 a factor of 3458?
False
Is 3564 a multiple of 12?
True
Is 23 a multiple of 7?
False
Is 18 a factor of 6840?
True
Does 6 divide 27486?
True
Does 75 divide 7575?
True
Is 20 a factor of 2600?
True
Is 6 a factor of 22?
False
Is 418 a multiple of 38?
True
Is 31 a factor of 182?
False
Does 10 divide 340?
True
Does 13 divide 2743?
True
Does 2 divide 393?
False
Is 19 a factor of 1558?
True
Is 273 a multiple of 16?
False
Is 9 a factor of 1534?
False
Does 19 divide 7429?
True
Is 34 a factor of 34?
True
Does 21 divide 1596?
True
Is 41 a factor of 164?
True
Is 15 a factor of 8339?
False
Is 308 a multiple of 44?
True
Does 81 divide 1711?
False
Is 34 a multiple of 2?
True
Is 12 a factor of 768?
True
Is 11 a factor of 1225?
False
Does 10 divide 1169?
False
Is 4 a factor of 712?
True
Is 11 a factor of 3098?
False
Is 10122 a multiple of 87?
False
Is 75 a factor of 1133?
False
Does 11 divide 2230?
False
Does 34 divide 39821?
False
Is 14300 a multiple of 50?
True
Is 6 a factor of 7387?
False
Is 205 even?
False
Is 854 a multiple of 61?
True
Is 1415 a multiple of 40?
False
Is 1560 a multiple of 40?
True
Does 13 divide 6046?
False
Does 5 divide 4153?
False
Is 30 a factor of 3720?
True
Is 63 a factor of 9198?
True
Is 59 a factor of 27693?
False
Does 25 divide 300?
True
Is 500 a multiple of 25?
True
Is 153 a multiple of 4?
False
Is 43863 a multiple of 64?
False
Is 50 a factor of 3200?
True
Does 24 divide 2664?
True
Does 30 divide 1925?
False
Does 15 divide 1245?
True
Is 11 a factor of 1870?
True
Is 67572 a multiple of 96?
False
Is 9 a factor of 414?
True
Is 376 a multiple of 8?
True
Is 765 a multiple of 9?
True
Does 98 divide 32144?
True
Is 111 a factor of 13868?
False
Is 32 a factor of 7456?
True
Is 73570 a multiple of 35?
True
Is 1065 a multiple of 20?
False
Does 157 divide 1884?
True
Is 17950 a multiple of 5?
True
Does 17 divide 2644?
False
Is 706 a multiple of 29?
False
Is 16038 a multiple of 16?
False
Does 9 divide 1818?
True
Is 218 a multiple of 11?
False
Does 27 divide 2862?
True
Is 500 a multiple of 6?
False
Is 10127 a multiple of 13?
True
Does 13 divide 34294?
True
Does 40 divide 34600?
True
Is 117 a multiple of 28?
False
Does 3 divide 22?
False
Does 28 divide 36?
False
Is 14 a factor of 6571?
False
Is 2074 a multiple of 34?
True
Does 57 divide 43723?
False
Is 153 a factor of 3023?
False
Is 19 a factor of 5896?
False
Does 119 divide 72709?
True
Is 517 a multiple of 38?
False
Is 1062 a multiple of 21?
False
Does 11 divide 1210?
True
Does 35 divide 4669?
False
Does 196 divide 13534?
False
Is 16178 a multiple of 118?
False
Does 13 divide 1257?
False
Is 15500 a multiple of 100?
True
Is 482 a multiple of 6?
False
Is 7 a factor of 91?
True
Is 36 a factor of 2559?
False
Does 24 divide 545?
False
Is 12 a factor of 572?
False
Is 14897 a multiple of 33?
False
Is 13248 a multiple of 18?
True
Does 11 divide 302?
False
Does 5 divide 60?
True
Is 5 a factor of 480?
True
Does 25 divide 1575?
True
Is 3757 a multiple of 63?
False
Is 960 a multiple of 30?
True
Is 10 a factor of 19676?
False
Is 6 a factor of 3527?
False
Is 252 a multiple of 28?
True
Does 15 divide 4770?
True
Is 286 a multiple of 66?
False
Is 42 a multiple of 2?
True
Is 4845 a multiple of 13?
False
Is 23 a factor of 874?
True
Is 405 a multiple of 45?
True
Is 76491 a multiple of 9?
True
Is 12 a factor of 5485?
False
Is 2470 a multiple of 9?
False
Is 25 a factor of 3575?
True
Is 1672 a multiple of 4?
True
Does 5 divide 157?
False
Is 33 a factor of 2772?
True
Is 65 a factor of 7744?
False
Is 3735 a multiple of 15?
True
Is 43 a factor of 2021?
True
Is 31791 a multiple of 130?
False
Does 17 divide 5491?
True
Does 24 divide 517?
False
Is 247 a multiple of 89?
False
Is 87 a multiple of 3?
True
Is 236 a factor of 32332?
True
Is 14 a factor of 364?
True
Does 4 divide 552?
True
Is 3704 a multiple of 357?
False
Is 23 a factor of 59018?
True
Does 13 divide 1150?
False
Is 2380 a multiple of 140?
True
Is 144 a factor of 12816?
True
Does 100 divide 11000?
True
Does 31 divide 2630?
False
Is 29174 a multiple of 24?
False
Is 13 a factor of 1646?
False
Is 644 a multiple of 23?
True
Does 9 divide 396?
True
Is 126 a factor of 30366?
True
Does 43 divide 172?
True
Does 172 divide 8772?
True
Is 101 a factor of 4622?
False
Does 76 divide 5735?
False
Does 66 divide 132?
True
Is 7 a factor of 448?
True
Is 5543 a multiple of 